.
32
2 + 5 + -10 + 3 + -5
-5
Evaluate 2945 - 2948 - ((0 - -5) + 0).
-8
What is -27 - 1 - (-25 + (-22 - (-48 + 2)))?
-27
What is 204 + -246 + (-1 - -6 - -1)?
-36
Evaluate (2 - 6) + 0 + (37 - (10 + 0)).
23
Calculate -42 + (57 - (27 - 9)).
-3
What is the value of 5 - (11 - 6) - 17?
-17
What is -1 - 37 - (-379 + 318)?
23
What is the value of 8 + ((-1 - -1 - -1) + 4 - 34)?
-21
Calculate -7 - (-8 + (-2 - (-9 - 9))).
-15
What is 19 - 15 - (0 + (2 - 2))?
4
What is the value of -1 + 31 + (35 + -66 - -30)?
29
Evaluate 5 + -3 + -5 + 1 - (54 + -36).
-20
Calculate 6 + -7 + (-1 - -4) + (1 - -1).
4
What is the value of -31 + 12 - (-27 - 4)?
12
Evaluate -16 - -7 - (-18 + -7 + 12).
4
(-5 - 5) + 1 + 2 + -1 + -4
-12
What is the value of (2 - 3 - ((-5 - -2) + -2)) + -5?
-1
(10 + (-12 - -5) + 1 - -6) + 29
39
What is the value of (294 - 304) + (-1 - -18)?
7
Evaluate -5 + -28 - -41 - 19.
-11
Calculate (27 - 11) + -12 + -5 + -6.
-7
Evaluate -3 + 3 + (11 + -23 - -23).
11
-3 - -3 - 8 - (-4 + 10)
-14
What is (-10 - -11) + (8 - 2 - (-2 + -3))?
12
What is the value of -13 + -13 + 2 + 33?
9
Evaluate 8 + -5 + 5 - (-28 - -43).
-7
What is -13 - -8 - (4 - (8 - 1))?
-2
Calculate (24 - 3) + -8 + 4.
17
Evaluate 8 + -2 + -4 - 2 - 1.
-1
What is 5 + ((2 - 7) + 4 - (-4 + 4))?
4
Calculate (-29 - -34) + -7 + -13.
-15
Evaluate -4 + 0 - (-11 - ((-13 - -3) + 1)).
-2
What is 26 - -1 - (1011 - 984)?
0
Evaluate (26 - 0) + 136 + -158.
4
(5 - (-1 - 5) - (5 - -4)) + 17
19
Calculate (5 - 17) + 11 + 7.
6
What is (36 - -22) + -27 + -15?
16
What is the value of -1 + 3 + 3 - (-10 + -11 - -6)?
20
(7 - (-4 + -10 + 12)) + 12 + 1
22
Evaluate -10 + 0 + -5 + 6 + -6.
-15
What is 11 + (-10 - (-10 + -6 + 7 + 20))?
-10
2 + 23 - (56 + -18 - 36)
23
-1 + 0 + -2 + -8 + 12 - 8
-7
What is the value of -3 + 30 + 7 - (118 + -101)?
17
What is (3 - 4 - -8) + 14 + -15?
6
What is -7 - -1 - ((1 - -9) + -19)?
3
What is 43 + -1 + (17 - (20 + -22)) + -22?
39
What is the value of -4 + (5 - -5) + -5 + -6 + -6?
-11
What is the value of -5 - -1 - ((5 - (1 + 2)) + 5)?
-11
Calculate 48 - 50 - (-1 - (-9 + 4)).
-6
Calculate -12 - (1 + 17 + (-330 - -265)).
35
What is the value of -1 + 11 + (-12 - -1) - 6?
-7
Evaluate 5 + (-17 - -11) + -12.
-13
What is -1 + 2 + (6 - (-6 + 2 - -8))?
3
Calculate 1 - 9 - (19 - (0 - -60 - 23)).
10
Calculate 5 + -3 + -52 + 34.
-16
Evaluate 18 - (4 - (-1 - 15)).
-2
Calculate -17 + 38 + (-55 - -16).
-18
Evaluate 30 - (16 - (-15 - -2 - -17)).
18
Evaluate -3 + (-9 - -9) + (0 - -1 - -9).
7
Evaluate 31 + -37 - ((2 - -7) + 1).
-16
13 + -2 + (9 - 3) + (-7 - -1)
11
What is the value of -1 - -10 - (4 - (0 + -14))?
-9
What is the value of 30 + -21 - (19 - (4 - 2)) - 4?
-12
Evaluate (39 - (-19 - -51)) + 28 + 1.
36
Calculate (98 - 95) + (-5 - 1) - (-14 + 0).
11
Evaluate 12 - (16 - (32 - (2 - -8) - 11)).
7
What is (10 - 19 - -14 - 9) + 12 + -5?
3
Evaluate 8 + -12 + 11 + -11 - 9.
-13
Calculate -1 + (-4 - ((-14 - -9) + -2)) + -6.
-4
(16 - 20) + (1 - (7 - -6))
-16
What is 1 - (-2 - (-8 - 9))?
-14
What is the value of (32 - 34) + (0 - (-4 - -3) - -3)?
2
-9 + -2 - (14 - (-5 + 52))
22
Evaluate 6 + 1 - (43 - 8 - 32).
4
13 - (9 - -2 - (-1 - (3 - 19)))
17
Calculate 18 - (22 - 22 - -26).
-8
-24 + (8 - -19) + 12 + -5 + 1
11
What is the value of -17 + 1 + 22 - -7?
13
Evaluate -9 + 14 + (1 - 8 - (13 - 9)).
-6
(-1 - 27) + 131 + -112
-9
Calculate 15 + 13 + -30 - (1 - 8) - 19.
-14
What is the value of -58 - -63 - (11 + -3)?
-3
What is (-17 - -10 - (-12 + -3)) + -15?
-7
Calculate (-11 - -18 - 11) + -6 + 2.
-8
What is the value of 18 + (-8 - 1) + -1?
8
What is the value of 1 - 10 - (-9 + -28 + 15)?
13
133 + -124 - (1 + (-25 - -3))
30
(3 - 9 - 1 - (0 - 10)) + -3
0
What is the value of 23 + -8 + 1 + 2?
18
What is the value of (1 - (0 - -2)) + 3 + -13 + 15?
4
2 - (9 + (-8 + 6 - 20))
15
Evaluate -14 + 2 + (-32 - -54).
10
What is the value of (0 - (-12 - -11)) + (4 - -4)?
9
What is -13 + (7 - (-35 - -17))?
12
What is the value of -22 + 25 + (-8 - -3) + -1?
-3
What is (50 + -24 - 14) + -7 + 0?
5
Calculate 17 + -1 + 7 + -26.
-3
Calculate (0 - -2 - 0) + -19 + -1 + 13.
-5
Calculate -10 + 13 + 13 - 32.
-16
What is the value of (24 - (8 - (-7 - -22)) - 8) + -9?
14
Calculate 2 + (0 - (-2 + -1) - (5 - -5)).
-5
What is the value of (19 - 29) + (46 - (1 + (5 - 4)))?
34
Evaluate 6 + 0 - (6 - (10 + -6 + 6)).
10
Evaluate 12 - (-1 - (-22 - -1)).
-8
Calculate 31 + -31 + 10 + -1.
9
Evaluate -5 + (-17 + 6 - (-51 - (0 + -5))).
30
Evaluate -64 - -100 - (5 - -9).
22
55 + -30 + (-26 - -16)
15
What is 1 + 6 + 21 + -18?
10
Calculate 38 + -44 + 33 + -16 + 0.
11
Calculate (2 - -7 - -6) + (-7 - (4 - 3)).
7
What is the value of (1 - -1 - 0) + 74 + -77 + 0?
-1
Calculate -19 + (7 - 1 - 6) + 59.
40
332 - 264 - (36 - -1)
31
-7 + 6 + 2 + -10 - -7 - -1
-1
Evaluate 10 - 11 - (5 - (6 - 2) - 1).
-1
Calculate 5 + (0 - 4) + -3 + 10 + 1.
9
Evaluate -4 - (-6 - (2 - 2 - 16)).
-14
Calculate 11 + (1 - (-4 - 1) - (-1 - -6)).
12
Evaluate 0 + 9 - (-12 - -7 - -22).
-8
What is the value of 10 + (-2 - (-10 + 5)) + (1 - 9)?
5
What is the value of 5 + (-16 - -6 - (1 + -1))?
-5
Calculate -5 + (-8 - 4) - -5.
-12
Calculate -4 - (15 - 7 - 8) - -5.
1
Calculate -6 - (0 + (9 - (-4 - -6))).
-13
Evaluate 16 - (10 + (-7 - -3) - 8) - 7.
11
What is the value of (7 - 4) + -5 + 12?
10
-13 + 2 + 10 + 19
18
Evaluate 1 - (-4 + 1) - (-41 - -18 - -29).
-2
3 + 0 - (0 - 1 - (-36 - -22))
-10
15 - 10 - (10 + -4) - 8
-9
Calculate 2 + (3 - (-7 - 3 - 4)).
19
What is -26 + (25 + 11 - 27)?
-17
Calculate (-9 + (-5 - -15 - 1) - 4) + 27.
23
-7 + 19 + 6 + -12
6
What is 5 - (3 - -7 - 11)?
6
Calculate 10 + -32 + (-7 - (-8 + -8 + 3)).
-16
Calculate -6 + (8 - (-5 - -5)) + 4 + -11.
-5
Evaluate -23 - (32 - 29) - -11.
-15
1375 + -1375 + 11 + 2 + 0 + -3
10
-3 + 0 + 2 - (-1147 + 1138)
8
Evaluate 6 - (1 + 0 + -8 + 8 + 24).
-19
Evaluate 17 + (-19 - (8 - 15)).
5
What is (-25 + -4 + 9 - 11) + 8?
-23
Calculate 0 + 8 - (31 - 37).
14
-7 - (-8 + -2 - (-1 + 1))
3
Evaluate -2 - (0 + -2 + (-1 - (-8 + 8))).
1
What is 22 + -14 + 2 + -7?
3
What is the value of 5 + -5 - (-22 - -33)?
-11
370 + -375 - (9 + 0 - (8 - 8))
-14
Evaluate -10 + 25 + -41 + -24 + 22.
-28
What is 20 + 2 + 16 + (13 - 45)?
6
-3 + 14 - (12 + -3 + -10 - -9)
3
-1 + 0 - 18 - (-505 - -490)
-4
Calculate -1 + (-2 - -2) + -2 + 0 - 9.
-12
0 + (1 - 5) + (-12 + 8 - -6)
-2
-12 + (-39 - -11) + 18
-22
-3 + -4 - (23 + -42)
12
What is the value of 0 + (-17 - -33) + -8?
8
What is (21 - (12 + -1)) + 2 + -10 - -11?
13
2 + 4 + (-34 + 10 - 1)
-19
Evaluate 0 + (2 - -16) + (-16 - (-13 - -7)).
8
What is the value of 25 + -134 + 136 - (-1 + 1 + 2)?
25
Evaluate -41 + 45 - (2 - (2 - (-1 + -1))).
6
What is -5 - (-3 + -1) - (31 + (-4 - 24))?
-4
Calculate -65 - -55 - (1 - 2).
-9
Evaluate 15 + -5 + -21 - (20 + -26).
-5
Calculate 10 + (-10 - (8 - 12)).
4
What is the value of 9 + (-6 - -8) + -6?
5
What is the value of 9 + (8 - 31 - -4) + 7?
-3
Evaluate 14 + -1 + (-5 + -6 - -10) + 1.
13
What is the value of (9 - (12 + -1) - -4) + (-2 - -5)?
5
What is -12 + (-41 - (-39 - -11))?
-25
What is the value of 2 - -13 - (23 + 10 - 44)?
26
Evaluate -32 + 0 - (-58 + (-35 - -88)).
-27
What is 1 - (-8 - (-33 + 14)) - -13?
3
What is 13 + -8 + -8 - (-8 + -1)?
6
Evaluate 25 + -1 - (13 + -11 + -19 + 13).
28
What is the value of -5 - (-13 + 39) - -18?
-13
Calculate (-9 + -7 - 1) + -8 - 3.
-28
79 + -48 - (10 + 1 + 2)
18
What is the value of -4 + (19 - (15 + -2))?
2
Evaluate -5 + 6 + (-16 - -33 - -15).
33
What is the value of (-18 - (-7 + -4)) + (-2 - 0 - -6)?
-3
Evaluate (-12 + 8 + 13 - 3) + 9.
15
What is the value of -4 - (-43 + 1 - (139 - 150))?
27
What is the value of 13 + 290 + -296 + 1 + -9?
-1
What is the value of (1 - (3 + 4 - (9 + -1))) + 0?
2
What is the value of -17 + 1 + 11 + (-14 - (-9 - -3))?
-13
94 + -65 + -2 + -13 + 15
29
Evaluate 21 + 0 - 44 - -24.
1
Evaluate (12 - 44 - -17) + 11.
-4
-7 - -3 - (-30 + 49)
-23
Evaluate (6 - 2) + -12 - -15.
7
1 - (4 + (-30 - -1))
26
Evaluate 1 + 8 + -18 + 0 + (-5 - 1).
-15
33 + (-9 - 23) + 14
15
What is 63 + -82 - (3 - 23)?
1
What is the value of -18 + 2 - (-7 + -17 + 18)?
-10
1 + -9 + -13 + (6 + 25 - 14)
-4
What is -5 - (4 - 13) - 4?
0
What is the value of (-3 - (-11 - (-3 - -13))) + -11?
7
Calculate -314 + 331 - (-4 - -4 - (-1 + -5)).
11
Evaluate 31 + -22 + -22 + 35 + -4.
18
W